e factors of x(-1).
2, 3, 7
Let n = -17 + 28. Suppose 4*b = 5*b - n. What are the prime factors of 3 + b - (-2 - -2)?
2, 7
Let r = -26 - -46. Suppose -4*b + 2*w + 10 = 0, b - 5*b = -4*w - r. Suppose -y + 3 = -b*y. List the prime factors of y.
3
Suppose 5*q - 72 = 2*q. List the prime factors of q.
2, 3
Let x(w) = w**2 + 4*w - 3. List the prime factors of x(4).
29
Let d(a) = -a + 8. Let j be d(6). Let y = -1 + j. Let b = 6 + y. List the prime factors of b.
7
Let v(n) = n**2 + n. Let i(t) = 3*t**2 + 10*t - 5. Let k(d) = -i(d) + 2*v(d). List the prime factors of k(-7).
2, 3
What are the prime factors of (64/(-24))/(2/(-21))?
2, 7
Suppose -h = 8*h - 261. What are the prime factors of h?
29
Suppose r + 0*r - 3 = 0. Suppose -4*c + 33 = r*b, 3*c = -2*b + b + 26. What are the prime factors of c?
3
Suppose 0 = 2*g - 6*g + 64. Let h = g + 1. List the prime factors of h.
17
Let a(x) = 1 + x**2 + 4 + 0. Suppose 0 = 15*t - 11*t. What are the prime factors of a(t)?
5
Let k be (-34)/(-10) - 2/5. Let y = k - 12. What are the prime factors of (-60)/(-27) - (-2)/y?
2
Suppose 0*m + p = 4*m - 39, -5*m + 45 = -5*p. Suppose m = 2*x - 0. List the prime factors of x.
5
Suppose -t + 173 = -4*w, 3*t + 3*w - w - 533 = 0. List the prime factors of t.
3, 59
List the prime factors of -1*(-8)/(16/498).
3, 83
Let k be ((-18)/(-6))/(3/73). Suppose -2*d - 2*l + 36 = 0, -4*d - l = -k + 13. What are the prime factors of d?
2, 7
Let h(p) = p**3 - 10*p**2 - p + 11. Let i be h(10). Let o(z) = 22*z**3 - z. What are the prime factors of o(i)?
3, 7
Suppose 5*i + 34 = -2*s, 4*s + i = -s - 85. Let c = 0 - s. What are the prime factors of c?
17
Suppose 2*w - 2*b + b = 261, 4*b = 3*w - 389. List the prime factors of w.
131
List the prime factors of (-7)/(-2 + 10/6).
3, 7
What are the prime factors of (-2)/6 + (-8554)/(-39)?
3, 73
Let z(p) = 15*p**3. Let h be z(1). Let l be (-12)/7*(-7)/2. Let w = h - l. List the prime factors of w.
3
Let u(g) = -9*g - 12. What are the prime factors of u(-9)?
3, 23
Let u = 65 + -35. Let r = u + -18. What are the prime factors of (90/r)/((-2)/(-4))?
3, 5
Let h = 3 - 6. Let b = h + 18. List the prime factors of b.
3, 5
Let j = 84 + -42. Suppose g - 23 = -2*l, 2*g = -5*l + 1 + j. What are the prime factors of g?
29
Let m = -6 - -8. Suppose -3*r - x + 88 + 11 = 0, 2*r = -m*x + 66. List the prime factors of r.
3, 11
Suppose -51 - 46 = -u. List the prime factors of u.
97
Let r be (-3)/(9/6) - 22. Let t = -3 - r. Suppose -3 = -3*v + t. List the prime factors of v.
2
List the prime factors of 88/20 + -4 + 886/10.
89
Let m be 6/14 - (-201)/21. Suppose 2*w - m = 2. List the prime factors of (-110)/(-6) - w/(-9).
19
Let a = 451 - 237. What are the prime factors of a?
2, 107
Let i be (0 - -5)/(3 + -2). Suppose 5*s + i*o - 34 = 41, 0 = 5*s - 3*o - 67. What are the prime factors of s?
2, 7
Suppose -5*v - 30 = -6*q + q, -3*q - 5*v - 14 = 0. Suppose -2*g = 8, r + r + 3*g = -q. List the prime factors of r.
5
Suppose -4*x + 6 = -2*y, -2*x = -2*y - 0*y + 2. Suppose -4*z - 10 = 2*q - 2, -4*z = x*q. List the prime factors of q.
2
Let o be (-30 + 0)*40/24. List the prime factors of (20/o)/((-1)/35).
2, 7
Suppose -7*b = 2 - 30. List the prime factors of b.
2
Suppose 0*x - 3 = x. Let a be 1 - x - (0 - -1). Suppose 4*m = s + 12, 4*s - 20 = a*m - 4*m. What are the prime factors of m?
2
Let c be ((-4)/(-5))/((-4)/10). Let n = c + 2. Suppose 2*v - 27 = a, n = -4*v - 3*a - 19 + 88. List the prime factors of v.
3, 5
Let c(w) = -w + 5. Let p = -4 - -4. Suppose z - 2*n + 3 = -3*n, z - 3*n + 15 = p. List the prime factors of c(z).
11
Suppose 0 = 4*z + 19 - 3. Let s be (z/8)/((-2)/(-68)). Let q = 29 + s. List the prime factors of q.
2, 3
Let j(m) = 19*m**2. List the prime factors of j(1).
19
Let j = -146 + 216. What are the prime factors of j?
2, 5, 7
Let c = 0 - 0. Suppose -3*j - 2*x + 2 = 4, j - 3*x = 14. What are the prime factors of j - c - -1 - 0?
3
Suppose -2*c = 3*c - 20. Suppose 2*w - 5*u + c = 0, -w + 2*u = 4*w - 11. Suppose o - w*o = -10. What are the prime factors of o?
5
Let d = 4 + 0. Suppose -58 = -d*k + 2*k + 2*z, z - 127 = -5*k. What are the prime factors of k?
2, 13
Let n = 9 + -5. Suppose -n = x, 3*b - 4*x = 2*b + 44. What are the prime factors of b?
2, 7
Let b(p) = 2*p**2 + 2*p. What are the prime factors of b(3)?
2, 3
Let y(n) = n**3 + 4*n**2 - 4. Let a be y(-3). Suppose -a*v + i + 186 = 0, 2*v - 5*v + 109 = 2*i. What are the prime factors of v?
37
Let n(m) = m**3 - 4*m**2 + 4. Let b be n(4). Suppose b*z = 130 - 2. List the prime factors of z.
2
Let s be 52 + 3/(-9)*-3. Let m = -31 + s. Suppose 6*p = 4*p + m. What are the prime factors of p?
11
Let i = 42 - 21. Let l be (-5)/(-1)*(-2 - 0). Let f = l + i. What are the prime factors of f?
11
Let p(w) = w - 5. Let j be p(8). Let x be j*(1 - (-1)/(-3)). List the prime factors of 6 - x/(-3)*3.
2
Suppose -p = 3*p - 16. Suppose 0 = -p*h + 4*w - 176, -w = 3*h - 5*w + 134. What are the prime factors of (-2)/6*h/2?
7
Suppose -46 = -2*o - 2*u - 16, -2*u = o - 15. Suppose f + o = 6*f. Suppose w + 20 = 2*y, -3*w + 12 - 48 = -f*y. What are the prime factors of y?
2
Let a(k) = k**2 + 6*k - 4. Let y be a(-10). Let v = y - 22. What are the prime factors of v?
2, 7
Let j be (1 - (0 + 2))/1. Let c = j + -5. Let z = -4 - c. What are the prime factors of z?
2
Let j = 3 + 3. Let k be ((-4)/(-5))/(j/15). List the prime factors of 7/3 - k/6.
2
Let f(l) = -l**2 + 9*l - 1. Let i(k) = k**3 - 3*k**2 + 2*k + 1. Let h be i(3). What are the prime factors of f(h)?
13
Let s = -21 - -29. Let h = s + -4. Suppose 4*k - 2*k - 35 = -3*b, -5*b = h*k - 61. List the prime factors of b.
3
Suppose 4*y - 3*w = 309, 3*y - 3*w - 390 = -2*y. Suppose 3*z + 63 = -x, 8*x - y = 3*z + 3*x. Let d = -13 - z. List the prime factors of d.
3
Let t(z) = z**2 + z + 5. Let r be t(0). Suppose -r*g + 51 + 34 = 0. List the prime factors of g.
17
Let w be (-3 - -4) + (0 - -2). Suppose 0 = w*q - 6. Suppose q*i = -2 + 14. What are the prime factors of i?
2, 3
Let u = 22 + 27. List the prime factors of u.
7
Let z = 4 + 0. Suppose -4*k = 5*t - 21, 0 = z*k + 2*t - 31 + 1. List the prime factors of k.
3
Suppose -2*b - 37 = 1. Let f = -11 - b. List the prime factors of f.
2
Let v = -2 - -6. Suppose -f - v*f + 5 = 0. Suppose -f = 3*c - 25. List the prime factors of c.
2
Let b(m) = -3*m - 2. Let u be b(2). Let k = u + 30. Suppose -i + 4*j = -0*j - k, -4*i + 5*j + 55 = 0. List the prime factors of i.
2, 5
Let j(b) = 2*b**2 - 10*b - 8. Let t be (-11)/11 + 3*3. What are the prime factors of j(t)?
2, 5
Let j(o) = o + 3 + 2*o**2 - o**2 - o**3 + 2*o**2. What are the prime factors of j(3)?
2, 3
Let k(f) = -f**2 + 12*f - 11. Let o be k(9). Let a = o + 25. Let l = a + -28. List the prime factors of l.
13
Let f = 6 - 4. Let c be 1/5 - (-28)/10. Suppose c*i = f*i + 3. List the prime factors of i.
3
Let h(k) = k**3 - k**2 - 2. Let v be h(2). Suppose -4*n + v*n = -12. What are the prime factors of 72/n + (-1 - -1)?
2, 3
Let n(w) = 48*w**3 - 24*w**3 - 23*w**3 - 7*w**2 + 8*w. What are the prime factors of n(6)?
2, 3
Let w(n) = -n + 3. Let t be w(4). Let f = t + 16. What are the prime factors of f/4 - 1/(-4)?
2
Let x(p) = -22*p - 17. What are the prime factors of x(-4)?
71
Suppose -3*j + 6 = -3*a - a, -4*a = 3*j - 6. Suppose 2*z = -3*f + 25, a = -2*f + 3*z - z. List the prime factors of f.
5
Let h(w) = w**2 + 5*w + 2. Let q be h(-5). Suppose 0 = q*y - 6*y + 32. What are the prime factors of y?
2
Let k(x) = x**2 + x + 250. What are the prime factors of k(0)?
2, 5
What are the prime factors of 1 - 0 - 63/(-3)?
2, 11
Let d(c) = -c**2 + 30*c + 62. What are the prime factors of d(25)?
11, 17
Suppose -4*f + 37 = -3*o - 74, -3*o - 135 = -5*f. What are the prime factors of f?
2, 3
Let f = 127 + -89. What are the prime factors of f?
2, 19
Suppose -5*n - 5*k + 49 = 4, 2*n + 12 = 4*k. Suppose 0 = n*y + 1 - 61. List the prime factors of y.
3, 5
Let i be (-2*(-10)/4)/1. Suppose i*n - 7*n = -20. List the prime factors of n.
2, 5
Let m = 2 + 0. Suppose -m*n + 4*y = n - 10, y = 5*n - 28. Let p = 16 - n. What are the prime factors of p?
2, 5
Let h = -13 - -17. Let z(u) = -u**3 + 5*u**2 + 1. List the prime factors of z(h).
17
Let a be 23/1*(-2 - -3). Let f(n) = 2*n + 8. Let l be f(-11). Let r = l + a. List the prime fact